 is divided by 12?
9
Suppose j = -3*u + 56, -2*j = -2*u + 27 - 131. Suppose 3*b = 2*r + j, -5*b + 137 - 52 = -5*r. What is the remainder when 94 is divided by b?
18
Suppose -s - 317 = h - 125, 0 = -5*h - 2*s - 960. Calculate the remainder when ((-19632)/h)/((-1)/(-4)) is divided by 69.
64
Let w = -23402 - -24945. What is the remainder when w is divided by 78?
61
Let m(x) = -32 - x**2 + 35 + 17*x - x**3 + 5*x. Calculate the remainder when 202 is divided by m(-6).
49
Let g = 9869 - 9830. Suppose 0 = -2*y - 3*k + 142, -3*y - 5*k + 213 = -0*k. What is the remainder when y is divided by g?
32
Let a = -28274 - -31538. What is the remainder when a is divided by 1088?
0
Let u(c) = c**3 - 4*c**2 + 7*c + 3. Let q be u(2). What is the remainder when 62 is divided by (-195)/(-21) + q/((-189)/6)?
8
Let g(h) = -h. Let o be g(-7). Let c(u) = u**2 - 4*u - 1. Calculate the remainder when 39 is divided by c(o).
19
Suppose 5*w = 2*p + 453, 4*p = 2*w + 371 - 581. Suppose 73 = 3*u - 4*v, -5*v - 27 = -u - v. What is the remainder when w is divided by u?
18
Let l(c) = 107*c + 9388. Let f = -10 + 35. Calculate the remainder when l(-87) is divided by f.
4
Suppose 4*y = 2*k - 900, -y + 127 + 335 = k. Let s = 110996 + -110975. Calculate the remainder when k is divided by s.
17
Let r = 36 - 34. Let v be r/(-2)*(-5 + -4). Suppose 63 = 3*g + v. What is the remainder when g is divided by 10?
8
Suppose 23*d - 5*d - 630 = -0. What is the remainder when 402 is divided by d?
17
Let f = 29153 - 29031. What is the remainder when 11710 is divided by f?
120
Let j be 3*-1*(7/21)/(-1). Let t be 15 + j + 0 + -1. Let k = 0 + t. Calculate the remainder when 44 is divided by k.
14
Suppose 0*f + 2*f - 36 = 0. Let t = f + 39. What is the remainder when t is divided by 6?
3
Let x = -63 - -88. Suppose -48*f - 793 + 3625 = 0. Let d = f - x. What is the remainder when 98 is divided by d?
30
Suppose -4*p = 4*t - 100, 4*t + p - 71 - 14 = 0. Let u be 16/2*35/t. Suppose 166 = 4*r - u. What is the remainder when r is divided by 23?
22
Let n(h) = -2*h**3 - 8*h**2 + 17*h + 69. Let l(i) = i**2 - 21. Let u be l(-4). What is the remainder when 232 is divided by n(u)?
28
Let j = 2089 - 1973. What is the remainder when 210 is divided by j?
94
Let j = -85 + 75. Let r(k) = 9*k + 2. What is the remainder when r(8) is divided by (-4*(-6)/16)/((-1)/j)?
14
Let a = -6205 + 6242. What is the remainder when 832 is divided by a?
18
Let p(i) = i**2 - 96*i - 914. Calculate the remainder when 1848 is divided by p(-9).
19
Suppose -3*w + 10 = -w. Let g(b) = -2*b + 32. What is the remainder when -2 - (-277)/w - 6/15 is divided by g(9)?
11
Suppose -74*d - 340 = -40*d. Calculate the remainder when d/(-20)*6*17 is divided by 27.
24
Suppose 0 = -2*q + 53*q - 2499. What is the remainder when 342 is divided by q?
48
Let u = 7801 - 7785. What is the remainder when 3517 is divided by u?
13
Let t = -3182 + 3755. Calculate the remainder when t is divided by 188.
9
Let p = -85 - -267. Let n(x) = 2*x**2 + 5*x - 2. Calculate the remainder when p is divided by n(-7).
60
Suppose -204 = -f - 25*z + 22*z, -z + 196 = f. Suppose -5*x - 3*p + f = -152, -3*x - 2*p = -206. Calculate the remainder when 201 is divided by x.
61
Let s = 142 - 36. Calculate the remainder when s is divided by (23/(-2) + 4)/(((-510)/220)/17).
51
Suppose -4115 - 4372 + 1107 = -12*y. What is the remainder when y is divided by 8?
7
What is the remainder when (-18)/((108/(-24))/(7/((-28)/(-2748)))) is divided by 110?
108
Suppose 0 = -4*v - 2*c + 3550, -v - 4424 = -6*v + 2*c. What is the remainder when v is divided by 29?
16
Let d(j) = 2*j**2 + 31*j - 8. Let l be d(-17). Let x = l + -27. Calculate the remainder when 19 is divided by x.
3
Let d = 6 - -19. Suppose -4*r = -157 - 295. Suppose -9*n = -r - 13. What is the remainder when d is divided by n?
11
Let z(n) = -n**2 - 21*n - 62. Let y be z(-17). Calculate the remainder when 620/8 + (-9)/y is divided by 27.
22
Let g be 18 - 16 - -5*2. Let c(y) = 5*y - 8. Let s(h) = 6*h - 8. Let f(o) = 5*c(o) - 4*s(o). Calculate the remainder when 11 is divided by f(g).
3
Let u = -946 + 485. Let i = -458 - u. What is the remainder when 23 is divided by i?
2
Suppose 104 = -5*v + 18*v. What is the remainder when (-4)/22 + 2270/22 is divided by v?
7
What is the remainder when 97 is divided by ((-8)/(-32))/((-4)/56)*-6?
13
Suppose 7*h - 900 = 13*h. Let a = h + 714. What is the remainder when a is divided by 63?
60
Let w(y) = -117*y**3 - 3*y**2 - 4*y + 6. Let j be w(1). Let o = 156 + j. What is the remainder when 151 is divided by o?
37
Let u = 230 + -161. Suppose -2*w - 4587 = 5*r, 3*w - 4607 = 8*r - 3*r. Let j = 943 + r. Calculate the remainder when u is divided by j.
21
Let v(p) = 28*p**2 + p - 1. Let l be v(1). Suppose -2*i + l = -12. What is the remainder when 64*2/32*(-70)/(-8) is divided by i?
15
Let k(v) be the third derivative of -v**6/120 - v**5/15 - v**4/8 - v**3/3 - 4*v**2 + 2*v. What is the remainder when k(-5) is divided by 8?
6
Suppose 3*a + 5*m + 0 = -1, 4*m = 2*a - 36. Let q be 52*((-30)/(-35))/(32/28). What is the remainder when q/((-1)/8*-12) is divided by a?
2
Let x(f) = -f**3 + 34*f**2 - 233*f - 156. What is the remainder when 21 is divided by x(24)?
9
Let j = -1363 - -10326. Calculate the remainder when j is divided by 76.
71
Suppose 0*j + 105 = j. Let c be 27/3*(-10525)/(-225). Let l = c - 393. What is the remainder when j is divided by l?
21
Suppose 0 = 7*r - 6*r - 33. Let y = -146 - -146. What is the remainder when r is divided by (y - (-34)/4) + 12/(-8)?
5
Suppose 3*n = 4*u + 180, 3*n = -4*u - 135 - 69. Let j = u + 77. Suppose 39 = 4*a - j. Calculate the remainder when 45 is divided by a.
11
Let p(w) = -73*w + 9. Calculate the remainder when p(-3) is divided by 51.
24
Suppose 14*y - 1300 = 9*y. Calculate the remainder when 12 is divided by y/28 + 2/(-7).
3
Let x(m) = -1261*m - 7170. What is the remainder when x(-7) is divided by 126?
19
Let z(q) = -78*q - 179. Let t be z(-4). Let n = t - 116. Calculate the remainder when 169 is divided by n.
16
Suppose 37*m = 1500 + 7750. What is the remainder when m is divided by 115?
20
Let g(n) = 5*n**2 - 34*n**2 - 36*n - 4*n**3 + 2*n**3 + n**3. Let w be g(-20). Calculate the remainder when 36 is divided by w/(-208) - (-4)/26.
8
Let p be ((-228)/(-5) - 1) + (-28)/(-70). Let j = p + 15. Suppose i - 3*d = 25, -5*i - d - 37 + 114 = 0. What is the remainder when j is divided by i?
12
Let a be 42*(-15)/((-105)/2). Let y(s) = -s + 124. Let t = -51 + 74. What is the remainder when y(a) is divided by t?
20
Let l = 3 + 3. Calculate the remainder when (-46)/(-2) - (-2225 + 2183) is divided by l.
5
Let m = 135 - -32. Suppose -3*u - 212 = -4*r + 119, 0 = 2*r - 3*u - m. Let f = -1 - -13. Calculate the remainder when r is divided by f.
10
Suppose -2*u = -2*s - 2198, -5*u + 199*s = 203*s - 5540. Calculate the remainder when u is divided by 319.
147
Let f be 6/(-2) - (3 + -44). Suppose 5*c = 27 + f. Suppose -y - 2*s + 12 = -c, -155 = -4*y + 3*s. Calculate the remainder when y is divided by 13.
9
Let q(v) = v**3 - 40*v**2 - 58*v + 242. What is the remainder when q(42) is divided by 96?
86
Suppose -5 = -4*p - 13. Let y(a) = -12*a**3 + a**2 + 6*a - 3. What is the remainder when y(p) is divided by 58?
27
Let p = -10814 + 18622. Let u = -5 + 24. What is the remainder when p/104 + (-5)/65 is divided by u?
18
Let r(g) be the first derivative of g**3 - 7*g**2 - 8*g + 18. Let z = 48 - 41. Calculate the remainder when r(z) is divided by 21.
20
Let d be (-2)/(-9) - 32/(-18). Suppose -5*u - 47 = 2*x, -138*u + 141*u + 45 = 3*x. Calculate the remainder when 12/d - (-1 - -1) is divided by x.
2
Let q = -1862 - -2039. Calculate the remainder when 378 is divided by q.
24
What is the remainder when 160 is divided by 0 + 10/(-4) - (-38505)/906?
0
Let c = 101 - 81. Suppose 0 = -c*n - n + 441. Calculate the remainder when 31 is divided by n.
10
Let d(p) = 3*p**2 + 7*p - 11. Suppose 2*a = -5*g - 27, -7 = 5*g + 8. Let o(u) = 2*u**2 - 4. Calculate the remainder when d(a) is divided by o(-3).
13
Suppose 3*r + 3*j = 102, 2*r - j - 44 = 3*j. Suppose -5*x + 10 = 0, 0 = 3*p - 4*x - x - 2. What is the remainder when -3*p/(-12)*-1*-58 is divided by r?
28
Suppose 237*a - 168 = 234*a. What is the remainder when 239 is divid